{"id":616,"date":"2021-09-01T19:28:36","date_gmt":"2021-09-01T17:28:36","guid":{"rendered":"https:\/\/logios-traducciones.biz\/privacy-policy\/"},"modified":"2021-09-01T19:33:03","modified_gmt":"2021-09-01T17:33:03","slug":"privacy-policy","status":"publish","type":"page","link":"https:\/\/logios-traducciones.biz\/en\/privacy-policy\/","title":{"rendered":"Privacy policy"},"content":{"rendered":"<style>.wp-block-kadence-spacer.kt-block-spacer-_e02f06-3d .kt-block-spacer{height:20px;}.wp-block-kadence-spacer.kt-block-spacer-_e02f06-3d .kt-divider{border-top-width:1px;height:1px;border-top-color:#eee;width:80%;border-top-style:solid;}<\/style>\n<div class=\"wp-block-kadence-spacer aligncenter kt-block-spacer-_e02f06-3d\"><div class=\"kt-block-spacer kt-block-spacer-halign-center\" style=\"height:20px\"><\/div><\/div>\n\n\n<style>.wp-block-kadence-advancedheading.kt-adv-heading_4f7942-d5, .wp-block-kadence-advancedheading.kt-adv-heading_4f7942-d5[data-kb-block=\"kb-adv-heading_4f7942-d5\"]{margin-bottom:40px;font-style:normal;}.wp-block-kadence-advancedheading.kt-adv-heading_4f7942-d5 mark.kt-highlight, .wp-block-kadence-advancedheading.kt-adv-heading_4f7942-d5[data-kb-block=\"kb-adv-heading_4f7942-d5\"] mark.kt-highlight{font-style:normal;color:#f76a0c;-webkit-box-decoration-break:clone;box-decoration-break:clone;padding-top:0px;padding-right:0px;padding-bottom:0px;padding-left:0px;}.wp-block-kadence-advancedheading.kt-adv-heading_4f7942-d5 img.kb-inline-image, .wp-block-kadence-advancedheading.kt-adv-heading_4f7942-d5[data-kb-block=\"kb-adv-heading_4f7942-d5\"] img.kb-inline-image{width:150px;vertical-align:baseline;}<\/style>\n<h2 class=\"kt-adv-heading_4f7942-d5 wp-block-kadence-advancedheading has-theme-palette-1-color has-text-color\" data-kb-block=\"kb-adv-heading_4f7942-d5\">Privacy policy<\/h2>\n\n\n\n<p>Le informamos de que sus datos personales son tratados de conformidad con lo establecido en el REGLAMENTO (UE) 2016\/769 de protecci\u00f3n de datos de car\u00e1cter personal. El Responsable del tratamiento de sus datos es Alfredo Send\u00edn Dom\u00ednguez, con CIF 08998883H y domicilio social sito en calle Cueva de Atapuerca 33 de C\u00e1ceres, provincia de C\u00e1ceres, CP 10005. Este fichero contiene datos relativos al control, evoluci\u00f3n y administraci\u00f3n de nuestros CLIENTES.<\/p>\n\n\n\n<p>Sus datos podr\u00e1n ser objeto de tratamiento por terceros (ser\u00e1n encargados del tratamiento destinatarios de sus datos con una finalidad contractual l\u00edcita, como, por ejemplo, nuestra empresa de mantenimiento inform\u00e1tico, exigiendo el mismo nivel de derechos, obligaciones y responsabilidades establecidas.<\/p>\n\n\n\n<p>Sus datos ser\u00e1n conservados durante el plazo estrictamente necesario. Ser\u00e1n borrados cuando haya transcurrido un tiempo sin hacer uso de estos. Usted se compromete a notificarnos cualquier variaci\u00f3n en los datos.<\/p>\n\n\n\n<p>Podr\u00e1 ejercer los derechos de acceso, rectificaci\u00f3n, limitaci\u00f3n del tratamiento, supresi\u00f3n, portabilidad y oposici\u00f3n al tratamiento de sus datos de car\u00e1cter personal dirigiendo su petici\u00f3n a la direcci\u00f3n postal arriba indicada o al correo electr\u00f3nico <a href=\"mailto:alfredo@alfredosendin.com\">alfredo@alfredosendin.com<\/a>.<\/p>\n\n\n\n<p>Podr\u00e1 dirigirse a la autoridad de control competente para presentar la reclamaci\u00f3n que considere oportuna.<\/p>\n\n\n<style>.wp-block-kadence-spacer.kt-block-spacer-_abbe2b-d3 .kt-block-spacer{height:80px;}.wp-block-kadence-spacer.kt-block-spacer-_abbe2b-d3 .kt-divider{border-top-width:1px;height:1px;border-top-color:#eee;width:80%;border-top-style:solid;}<\/style>\n<div class=\"wp-block-kadence-spacer aligncenter kt-block-spacer-_abbe2b-d3\"><div class=\"kt-block-spacer kt-block-spacer-halign-center\" style=\"height:80px\"><\/div><\/div>\n","protected":false},"excerpt":{"rendered":"<p>Privacy policy Le informamos de que sus datos personales son tratados de conformidad con lo establecido en el REGLAMENTO (UE) 2016\/769 de protecci\u00f3n de datos de car\u00e1cter personal. El Responsable del tratamiento de sus datos es Alfredo Send\u00edn Dom\u00ednguez, con CIF 08998883H y domicilio social sito en calle Cueva de Atapuerca 33 de C\u00e1ceres, provincia&#8230;<\/p>\n","protected":false},"author":1,"featured_media":0,"parent":0,"menu_order":0,"comment_status":"closed","ping_status":"open","template":"","meta":{"_seopress_robots_primary_cat":"","_seopress_titles_title":"","_seopress_titles_desc":"","_seopress_robots_index":"","_kad_blocks_custom_css":"","_kad_blocks_head_custom_js":"","_kad_blocks_body_custom_js":"","_kad_blocks_footer_custom_js":"","_kad_post_transparent":"","_kad_post_title":"","_kad_post_layout":"","_kad_post_sidebar_id":"","_kad_post_content_style":"","_kad_post_vertical_padding":"","_kad_post_feature":"","_kad_post_feature_position":"","_kad_post_header":false,"_kad_post_footer":false,"footnotes":""},"class_list":["post-616","page","type-page","status-publish","hentry"],"taxonomy_info":[],"featured_image_src_large":false,"author_info":{"display_name":"joana","author_link":"https:\/\/logios-traducciones.biz\/en\/author\/joana\/"},"comment_info":0,"_links":{"self":[{"href":"https:\/\/logios-traducciones.biz\/en\/wp-json\/wp\/v2\/pages\/616","targetHints":{"allow":["GET"]}}],"collection":[{"href":"https:\/\/logios-traducciones.biz\/en\/wp-json\/wp\/v2\/pages"}],"about":[{"href":"https:\/\/logios-traducciones.biz\/en\/wp-json\/wp\/v2\/types\/page"}],"author":[{"embeddable":true,"href":"https:\/\/logios-traducciones.biz\/en\/wp-json\/wp\/v2\/users\/1"}],"replies":[{"embeddable":true,"href":"https:\/\/logios-traducciones.biz\/en\/wp-json\/wp\/v2\/comments?post=616"}],"version-history":[{"count":2,"href":"https:\/\/logios-traducciones.biz\/en\/wp-json\/wp\/v2\/pages\/616\/revisions"}],"predecessor-version":[{"id":624,"href":"https:\/\/logios-traducciones.biz\/en\/wp-json\/wp\/v2\/pages\/616\/revisions\/624"}],"wp:attachment":[{"href":"https:\/\/logios-traducciones.biz\/en\/wp-json\/wp\/v2\/media?parent=616"}],"curies":[{"name":"wp","href":"https:\/\/api.w.org\/{rel}","templated":true}]}}

<style>.wp-block-kadence-spacer.kt-block-spacer-_e02f06-3d .kt-block-spacer{height:20px;}.wp-block-kadence-spacer.kt-block-spacer-_e02f06-3d .kt-divider{border-top-width:1px;height:1px;border-top-color:#eee;width:80%;border-top-style:solid;}</style>
<div class="wp-block-kadence-spacer aligncenter kt-block-spacer-_e02f06-3d"><div class="kt-block-spacer kt-block-spacer-halign-center" style="height:20px"></div></div>


<style>.wp-block-kadence-advancedheading.kt-adv-heading_4f7942-d5, .wp-block-kadence-advancedheading.kt-adv-heading_4f7942-d5[data-kb-block="kb-adv-heading_4f7942-d5"]{margin-bottom:40px;font-style:normal;}.wp-block-kadence-advancedheading.kt-adv-heading_4f7942-d5 mark.kt-highlight, .wp-block-kadence-advancedheading.kt-adv-heading_4f7942-d5[data-kb-block="kb-adv-heading_4f7942-d5"] mark.kt-highlight{font-style:normal;color:#f76a0c;-webkit-box-decoration-break:clone;box-decoration-break:clone;padding-top:0px;padding-right:0px;padding-bottom:0px;padding-left:0px;}.wp-block-kadence-advancedheading.kt-adv-heading_4f7942-d5 img.kb-inline-image, .wp-block-kadence-advancedheading.kt-adv-heading_4f7942-d5[data-kb-block="kb-adv-heading_4f7942-d5"] img.kb-inline-image{width:150px;vertical-align:baseline;}</style>
<h2 class="kt-adv-heading_4f7942-d5 wp-block-kadence-advancedheading has-theme-palette-1-color has-text-color" data-kb-block="kb-adv-heading_4f7942-d5">Privacy policy</h2>



<p>Le informamos de que sus datos personales son tratados de conformidad con lo establecido en el REGLAMENTO (UE) 2016/769 de protección de datos de carácter personal. El Responsable del tratamiento de sus datos es Alfredo Sendín Domínguez, con CIF 08998883H y domicilio social sito en calle Cueva de Atapuerca 33 de Cáceres, provincia de Cáceres, CP 10005. Este fichero contiene datos relativos al control, evolución y administración de nuestros CLIENTES.</p>



<p>Sus datos podrán ser objeto de tratamiento por terceros (serán encargados del tratamiento destinatarios de sus datos con una finalidad contractual lícita, como, por ejemplo, nuestra empresa de mantenimiento informático, exigiendo el mismo nivel de derechos, obligaciones y responsabilidades establecidas.</p>



<p>Sus datos serán conservados durante el plazo estrictamente necesario. Serán borrados cuando haya transcurrido un tiempo sin hacer uso de estos. Usted se compromete a notificarnos cualquier variación en los datos.</p>



<p>Podrá ejercer los derechos de acceso, rectificación, limitación del tratamiento, supresión, portabilidad y oposición al tratamiento de sus datos de carácter personal dirigiendo su petición a la dirección postal arriba indicada o al correo electrónico <a href="mailto:alfredo@alfredosendin.com">alfredo@alfredosendin.com</a>.</p>



<p>Podrá dirigirse a la autoridad de control competente para presentar la reclamación que considere oportuna.</p>


<style>.wp-block-kadence-spacer.kt-block-spacer-_abbe2b-d3 .kt-block-spacer{height:80px;}.wp-block-kadence-spacer.kt-block-spacer-_abbe2b-d3 .kt-divider{border-top-width:1px;height:1px;border-top-color:#eee;width:80%;border-top-style:solid;}</style>
<div class="wp-block-kadence-spacer aligncenter kt-block-spacer-_abbe2b-d3"><div class="kt-block-spacer kt-block-spacer-halign-center" style="height:80px"></div></div>

<p>Privacy policy Le informamos de que sus datos personales son tratados de conformidad con lo establecido en el REGLAMENTO (UE) 2016/769 de protección de datos de carácter personal. El Responsable del tratamiento de sus datos es Alfredo Sendín Domínguez, con CIF 08998883H y domicilio social sito en calle Cueva de Atapuerca 33 de Cáceres, provincia&#8230;</p>
